*m, -2*x + 0*x + m = -o. What is the highest common factor of x and 15?
15
Let w be ((-12)/(-6))/(4/8). Let q be ((-3)/w)/(207/(-1104)). Calculate the greatest common divisor of q and 58.
2
Let s = -17 + 22. Suppose -4 = -s*d + 11. Suppose 7 = k + x - 14, 3*x + 33 = d*k. What is the highest common factor of k and 8?
8
Suppose 0 = -5*n - 5*z + 60, -12*n + 8*n - 2*z + 52 = 0. Suppose -n*m = -10*m - 220. What is the greatest common factor of 44 and m?
11
Let p(b) = 6*b - 13 + 2 + 0*b. Suppose -4*u = 5*f - 60, 45*f - 2*u = 44*f - 2. Let o be p(f). What is the highest common factor of o and 333?
37
Let o(w) = 448*w**3 + 4*w**2 - 2. Let f be o(1). Let k be ((-6)/10)/((-9)/f). Let i = 20 - 10. Calculate the highest common divisor of k and i.
10
Suppose 2*f + 2*f = 464. Suppose 0 = -4*n - 24, 0 = -2*a + 592*n - 589*n + 598. Calculate the highest common factor of a and f.
58
Suppose -31073 + 31523 = 10*a. What is the highest common divisor of 6270 and a?
15
Suppose 2*m - m - 46 = 4*z, 0 = -2*m + 2*z + 86. Let p be ((-280)/28)/((-5)/m). What is the highest common factor of p and 60?
12
Let k(w) = 770*w**2 + 48*w + 198. Let l be k(-5). Calculate the highest common factor of l and 56.
56
Let q = -59 - -64. Suppose -q*c = -3*i + 15, -7*i + 3 = -c - 2*i. Let y be (c/2)/(-4 - (-252)/64). What is the greatest common factor of y and 8?
8
Suppose l + i = 18, l - 3*i - 9 = -i. Let p be (195/6)/(-5) - 9/18. Let c be ((-28)/p - 5)*-3. What is the highest common factor of c and l?
3
Let j = -86 + 64. Let r be 3 + (29 + j - (-2 - 0)). What is the greatest common divisor of 54 and r?
6
Suppose 4*r = 0, -3*r + 6*r = -z + 8. Suppose 29*i + 10 = 34*i. Suppose -3*b + 5*b = -4*f + i, -3 = f + 4*b. What is the highest common divisor of z and f?
1
Suppose g = 3*p + 22, -p + 5*p = 4*g - 104. Suppose m + 0*m = -3*q + 28, -3*q - 56 = -2*m. Calculate the highest common factor of g and m.
28
Suppose 21*a = 104*a - 34528. What is the highest common divisor of a and 468?
52
Let l = -176 + 178. Suppose 2*j + 4*b - 8 = 6, 3*b - 18 = -l*j. Calculate the greatest common factor of j and 15.
15
Let u = -22 - -10. Let r be u/3 - (-32)/1. Suppose -d - l = -192, -4*l = 2*d + l - 372. Calculate the highest common factor of d and r.
28
Let k = 884 - 878. Let y be 233/k - (-7)/(-126)*-3. Calculate the highest common divisor of y and 52.
13
Suppose -46*y = -75*y + 1160. What is the greatest common divisor of y and 1615?
5
Suppose -68 = -3*w - 0*w - 5*h, -5*w + 101 = -4*h. Suppose 1274 = 2*d - 28. Calculate the highest common factor of d and w.
21
Suppose 38 - 29 = 3*t. Suppose -2*i = o - 9, t*i = 5*i + 5*o + 11. Suppose i*m = 1074 + 1544. What is the highest common divisor of 34 and m?
34
Suppose 16 = -26*d + 94. Suppose d*m = -19 + 4, -2*m = -2*x + 46. What is the highest common divisor of 198 and x?
18
Let q(d) = -3*d**3 - 56*d**2 - 38*d - 39. Let i be q(-19). What is the highest common factor of i and 928?
116
Suppose -7 - 21 = -2*q. Let o(v) = 32*v + 68. Let s be o(-7). Let c = 268 + s. What is the highest common factor of c and q?
14
Suppose -1422 = -3*g + r - 239, -5*r = 3*g - 1177. Let q = -307 + g. Calculate the highest common divisor of q and 145.
29
Suppose 6*q + 980 = 13*q. Calculate the highest common divisor of q and 56.
28
Suppose 62*t - 17168 = 6*t + 19*t. Calculate the greatest common divisor of t and 512.
16
Let n = 156 + -150. Let s be ((-28)/n)/((-58)/1131). What is the greatest common divisor of 14 and s?
7
Let w be ((-16)/12)/(4/(-72)). Let z be w*3/18*3. Suppose 2*h = 4*q - 76, 4*q - 3*h + 14 = 92. Calculate the highest common factor of q and z.
6
Let t(u) = -4 - 5 + u**2 + 10 - 2*u. Let l be t(-4). Let z = -847 - -1047. Calculate the highest common factor of z and l.
25
Suppose 78*y = -18*y - 3*y + 362934. Calculate the greatest common divisor of y and 1410.
282
Suppose 0 = 4*m - 9 - 171. Let o(f) = -2*f**2 + 17*f - 15. Let r be o(7). Calculate the greatest common divisor of m and r.
3
Let l = 14453 + -13525. What is the highest common factor of 352 and l?
32
Suppose 14976 = 41*z + 63*z. Calculate the greatest common divisor of z and 192.
48
Let l be 1*(1689 - -3*2/(-6)). Suppose 0 = 5*c - 13*c + l. Suppose 8*j - c = 125. What is the greatest common divisor of 12 and j?
6
Suppose g = -10 + 26. Let a(l) = -l**2 + 36*l - 136. Let z be a(28). What is the highest common divisor of z and g?
8
Suppose -3*t + 2*b + 18 = 0, 0 = -5*t + 4*b + 44 - 16. Suppose -302 = -2*z + 354. What is the highest common factor of z and t?
8
Let j be ((-1598)/(-136) - (-2)/8)*2. What is the greatest common factor of j and 3264?
24
Suppose 0 = -v - 2*v + 6. Suppose -7*s = v*s - 90. Suppose -64 = -11*u + s*u. What is the highest common divisor of 8 and u?
8
Let j be (4 + 2)*20 - 0. Let b(g) = 3*g**2 - 14*g - 44. Let d be b(8). What is the highest common divisor of j and d?
12
Let w be 348/8*(-1016)/(-3). Let j = -6580 + w. Let r be j/68 - 6/(-51). Calculate the highest common divisor of 15 and r.
15
Suppose 3*a = -f, 1 = -f + 4*a + 22. Suppose c = f + 17. Suppose 340 = -c*n + 36*n. What is the highest common divisor of n and 153?
17
Let l be (-21)/((-735)/(-10)) + (-233)/(-7) + 0. Calculate the greatest common factor of 24486 and l.
33
Suppose -4*c - 5*u = -0*c - 3082, -c + 775 = -u. Suppose -c + 1061 = 6*p. Calculate the greatest common factor of 8 and p.
8
Suppose -5*j = 429 - 2369. Suppose -6 = -3*o, 0 = 2*m + 2*o + 132 - j. Calculate the greatest common factor of m and 14.
14
Let f be (48/(-4))/(-36)*144. What is the greatest common divisor of f and 584?
8
Suppose -6184 - 7544 = -44*g. What is the greatest common divisor of g and 15?
3
Suppose 14*k - 26 = 2. Suppose -4*i - 13 = -z + 10, 6 = 2*z + k*i. Suppose -660 = -z*x + 2*x. Calculate the highest common factor of x and 44.
44
Let z be (-2)/15 + 8/60 + 354. Suppose 79*b - 78*b = z. Suppose -31 = -5*t + b. Calculate the highest common divisor of 11 and t.
11
Let j be 1*8*(250/(-40) + 4). Let f = j + 158. Calculate the greatest common factor of f and 30.
10
Suppose 27*c = g + 26*c - 34, 0 = 5*g + 3*c - 114. What is the greatest common divisor of 1314 and g?
9
Let i = 18 - 3. Let u = 1237 + -607. Suppose -5*j + u + 195 = 0. What is the highest common divisor of j and i?
15
Let o(q) = -q**2 + 37*q - 108. Let y be o(23). Suppose 23*f = 108 + y. What is the greatest common factor of f and 378?
14
Suppose 4*m - 5*m = -5*a + 1877, 4*a = -4*m + 1516. Let s = a - 348. Calculate the highest common divisor of 266 and s.
14
Let r = 5 - 0. Suppose r*x - x = 0. Suppose -3*f + 85 - 58 = x. What is the greatest common factor of 27 and f?
9
Let x(u) = -7*u**2 + 46*u + 101. Let d be x(8). Calculate the greatest common factor of d and 10752.
21
Let q(p) = -p**2 + 260*p + 1067. Let m be q(-4). Let i be (-4)/(-16) + (-262)/(-8). Calculate the greatest common factor of i and m.
11
Let n be ((-63)/4)/((117/180)/13). Let u be (-4)/7*(n/(-2))/(-9). What is the highest common factor of u and 30?
10
Suppose -12*g = 20*g - 96. Suppose 864 = 45*n + g*n. Calculate the highest common divisor of 12 and n.
6
Let t = 12976 - 12373. What is the highest common factor of t and 2881?
67
Let y be (-385)/165*306/(-7). Calculate the greatest common factor of y and 357.
51
Let v(o) = -o**2 - 5*o - 1. Let d be v(-4). Suppose -3*y - 2*y = -3*y. Suppose 0 = -y*r + 6*r - 36. Calculate the highest common divisor of r and d.
3
Let a be (3/2)/(12/16). Suppose a*g - 122 = 2*h, -2*h + 3*g = 7*g + 116. Let m be ((-684)/10)/(24/h). What is the greatest common divisor of 19 and m?
19
Let x be (-1 + (-20)/(-8))*(2 - 0). Suppose -33 = -x*w - 3. Suppose 1 = -q + w. What is the highest common divisor of q and 3?
3
Let p = 366 - 306. Let v be (-2)/15 + 3968/p. Calculate the highest common factor of v and 231.
33
Let a be 11892/50*8580/264 + (-4)/5. Calculate the highest common factor of a and 131.
131
Suppose 1605*f = 1621*f - 16. Calculate the greatest common factor of f and 151.
1
Let q be 432/30*5*2/16. What is the greatest common divisor of q and 13707?
9
Let y be (10/(-3))/((-309)/(-18) + -18). What is the greatest common divisor of 1472 and y?
4
Let j(p) = -3*p - 30. Let f be j(-16). Let d = 17 + f. Calculate the greatest common divisor of d and 280.
35
Let u be (-528)/(-330)*510/8. Calculat